, 107
Suppose 0 = 53*o - 55*o - 5*m + 2065, -2*o = 3*m - 2067. What are the prime factors of o?
3, 5, 23
Suppose 0 = 60*y - 58*y - 540. List the prime factors of y.
2, 3, 5
Suppose -8*x - 46 - 122 = 0. Let p = x - -166. What are the prime factors of p?
5, 29
Let b = 1886 + -1257. What are the prime factors of b?
17, 37
Let m be ((-38)/(-8) + 1)/(2/(-8)). Let u = 60 - m. What are the prime factors of u?
83
Let h be -25 + -3 + 2 + 1. Let g be 15/h + (-28)/(-5). Suppose -2*r = 4*p - 32, g = 2*p - 3*p. What are the prime factors of r?
2, 13
Let b be 30/42 + (-4)/(-14). Let p(c) = c - 1. Let m(h) = 20*h - 3. Let t(q) = m(q) - 5*p(q). What are the prime factors of t(b)?
17
Let n(i) = -77*i + 3. Let l be n(-3). Let w = 164 - l. Let v = -49 - w. List the prime factors of v.
3, 7
Suppose 0*g + 2 = -g. Let f(y) = -y**3 - 2*y**2 - 2*y - 1. Let x be f(g). Suppose 4*l + 57 = 3*a, 4*a - 3*a + x*l - 6 = 0. List the prime factors of a.
3, 5
Let b = -154 - -403. What are the prime factors of b?
3, 83
Let p = 28 - 26. Suppose p*z - 92 = -2*z. List the prime factors of z.
23
Suppose c - 5479 = -3*s, 2*c - 6*c + 4 = 0. List the prime factors of s.
2, 11, 83
Let x = 240 + 1230. List the prime factors of x.
2, 3, 5, 7
Suppose 0 = -11*r + 10646 + 23586. What are the prime factors of r?
2, 389
Let m be 4/8*(-1 + 241). Let t = m - 39. What are the prime factors of t?
3
Suppose 0 = 4*r - 20, 3*n = -r - 2*r - 24. What are the prime factors of (408/(-14))/(n/91) + -2?
2, 101
Let g be -339*(-2)/12*2. Let m = g - 65. List the prime factors of m.
2, 3
Suppose 0 = 4*w - 7*j + 3*j - 3040, -3048 = -4*w + 2*j. List the prime factors of w.
2, 191
Suppose -w - 7 = 3*v, -4*w + 5*v = 27 - 67. Suppose -3*k = 2*k - f - 626, 623 = w*k + 2*f. What are the prime factors of k?
5
Let o(d) = -94*d**2 - 8*d - 4. Let q be o(-3). List the prime factors of ((-200)/56 - -3)*q/4.
2, 59
Suppose -7*p = -18*p + 2926. What are the prime factors of p?
2, 7, 19
Let g(j) = 32*j**2 + 8*j + 13. List the prime factors of g(-3).
277
Suppose 5*q + 8 = 2*b + 83, 5*b + 60 = 5*q. Suppose 0*a + q = -a. Let u = -1 - a. What are the prime factors of u?
2
Suppose -6*u = -7*u + 211. What are the prime factors of u?
211
Let p = -325 + 552. Let w = -78 + p. What are the prime factors of w?
149
Let b(h) = 103*h**2 + 8*h - 1. What are the prime factors of b(3)?
2, 5, 19
Suppose k - 3*k = 0, n - 3*k = 4. Let l(w) = -w**2 + w. Let h(o) = o**3 - 2*o**2 + 2*o - 1. Let x(g) = h(g) + 2*l(g). What are the prime factors of x(n)?
3, 5
Let m(w) = -70*w - 38. Let o be m(-14). Suppose -d + 275 - o = -3*l, -6 = -3*d. List the prime factors of l.
223
Let a(k) = 0*k + 21*k**2 - 4*k + 6*k. List the prime factors of a(2).
2, 11
Let d = -502 + 961. Let g = d + -279. List the prime factors of g.
2, 3, 5
Suppose -20 = -3*r + 5*d, 0 = 4*r + d + 2*d - 17. Suppose 3*f + 3*v - 987 = 0, v + 0*v - 1633 = -r*f. List the prime factors of f.
2, 163
Suppose 6*v - 4 = 4*v. Suppose 0 = 3*o - v*t + 3*t - 7, -t - 11 = -3*o. Suppose 0 = -3*j - o*s + 24, -2*j + 24 = j - s. What are the prime factors of j?
2
Let h(z) = 5*z + 83 + 0*z**2 + z**2 - 81. Let c be (2 + -2)*-1 - 5. What are the prime factors of h(c)?
2
Let u be (14 - -2)/4 + -2. Suppose u*l + 10 = 0, 0 = 3*h - 5*h + l + 113. List the prime factors of h.
2, 3
Let x(k) = -7 + 2*k + 0*k + 3*k. What are the prime factors of x(2)?
3
Let o be (-2)/(87/27 + -3). Let r(l) = -l - 9. Let z be r(o). Suppose 2*n + 139 = 5*n - 5*d, z = -d - 5. What are the prime factors of n?
2, 19
Let j(v) = v + 14. Let l be j(-9). Suppose t = -5*s + 2 + 15, -41 = -3*t - l*s. What are the prime factors of t?
2, 3
Let m be ((-32)/(-24))/(2/42). Let n(d) = -2*d + 15. Let z be n(6). Suppose -3*b + 11 = z*u - m, -13 = -b - 5*u. What are the prime factors of b?
13
Let j(n) = 2*n**2 - 4*n - 4. Suppose -15 = -6*m + 11*m. List the prime factors of j(m).
2, 13
Suppose 4*f + c = 35, 3 - 18 = 3*c. Suppose -2*s - f = -7*s. Suppose -2*t = -s - 12. List the prime factors of t.
7
Let h(m) = -3 + 7 + 0*m**2 + 10*m + m**2 - 2*m**2. Let w be h(5). Let u = -17 + w. List the prime factors of u.
2, 3
Let r be (1 - 4)/((-10)/(-4) - 1). What are the prime factors of r - (68/(-2) + -3)?
5, 7
Let l(t) = t**3 - t**2 + t. Let h(c) = 4 + 8*c + 3*c - 16*c + 4*c**2 - c**3 - 5. Let a(k) = h(k) + 4*l(k). What are the prime factors of a(2)?
3, 7
Let y(n) be the third derivative of n**6/120 + n**5/12 + n**4/8 - 5*n**3/6 - 2*n**2. Let s be y(-4). What are the prime factors of (23 - s) + 9 + -11?
2, 11
Let b be 0 + 9 + -1 + -2. Let k be (32/b)/((-4)/(-6)). Suppose 0 = -5*c + 4*g + 58, 4*c + 46 = k*c - 3*g. What are the prime factors of c?
2, 5
What are the prime factors of 4226/8 - (-185)/(-148)?
17, 31
Suppose 0 = 2*a + 3 - 5. Let g(l) = -19*l - 6. Let z(d) = 208*d + 65. Let w(y) = 65*g(y) + 6*z(y). What are the prime factors of w(a)?
13
Let o(v) = 7*v - 11 + 3*v + 9*v**2 + 18*v**2 - v**3 - 20*v**2. Let x be o(8). Suppose x*y - 5*l = 235, -3*y - 4*l = -4*y + 35. What are the prime factors of y?
3, 17
Let h(b) = b - 8. Let y be h(6). List the prime factors of 239*((4 + y)/2 - 0).
239
Let g = -821 - -1407. List the prime factors of g.
2, 293
Let r = 11 + -5. Suppose -r*u + u = -20. Suppose -2*n = -u*x - 46, 5*n = -3*x - x + 157. List the prime factors of n.
29
Suppose -10 = -2*a - 3*u + 3, 4*a = 2*u + 18. Suppose -y = -6*y + 4*b + 650, -a*b - 403 = -3*y. What are the prime factors of y?
2, 3, 7
Let p(b) = 55*b**2 + 14*b - 58. List the prime factors of p(-6).
2, 919
Let x(s) = -744*s - 50. List the prime factors of x(-1).
2, 347
Let t = 603 - -1113. List the prime factors of t.
2, 3, 11, 13
Let z = 705 + 401. List the prime factors of z.
2, 7, 79
Let c = 1135 + -471. What are the prime factors of c?
2, 83
Let k(h) = -12*h + 0 + 0 + 5. Let c be k(-4). Suppose 0*v + v - 4*o = c, 5*o - 140 = -5*v. List the prime factors of v.
3, 11
Let v be 75 + 0 + (-4 - 0). Suppose 4*t + 209 = -v. List the prime factors of 12/(-4) + t/(-2).
2
Let i = -73 - -76. Suppose 0 = j, -i*f + 681 = j + 69. What are the prime factors of f?
2, 3, 17
Let w = -9 + 28. Let v = 62 + w. What are the prime factors of v?
3
Let p(s) be the first derivative of s**2 - 5 + 15*s + 14/3*s**3 - 1/4*s**4. What are the prime factors of p(14)?
43
Suppose 6*l + 655 = 1897. Suppose 3*r + 5*m - l = 0, m + 4 - 1 = 0. What are the prime factors of r?
2, 37
Let i(o) = -o**3 + 14*o**2 - o + 18. What are the prime factors of i(12)?
2, 3, 7
Let n = 2199 - 1043. List the prime factors of n.
2, 17
Let q = -236 - -493. What are the prime factors of q?
257
Let p be 14 + 4/2 - 4. Suppose p = 3*k + k. Suppose r = -3, -5*r + 45 = k*s - 0*r. What are the prime factors of s?
2, 5
Let v be (-4)/(-5)*(-7065)/(-18). Suppose 2*r - 96 - v = 0. Suppose 0*g - r = -5*g. List the prime factors of g.
41
Let x(f) = 2*f - 11. Let a be x(6). What are the prime factors of (-3 + 5 - a)*(-3 + 22)?
19
What are the prime factors of 3832/12 + 8/(-6)?
2, 3, 53
Let s(z) = -z**2 - 10*z + 3. Let u be s(-10). Suppose l - u*c = -11 + 1, -4*l + 5 = -3*c. What are the prime factors of 3 + (l/1 - 2)?
2, 3
Let l be ((-1)/2 + 0)*4. Let x(y) = 10*y**2 + y + 2. List the prime factors of x(l).
2, 5
Let a be 3 - -2 - 1/1. Let r be 2 + 12/18*(1 + 11). Let w = r - a. List the prime factors of w.
2, 3
Let x = -196 + 2541. List the prime factors of x.
5, 7, 67
Let g be ((-4)/(-8))/((-1)/(-10)). Let x be g/7 + (-4)/(-14). Let d = 3 - x. List the prime factors of d.
2
Let x be -36 + 1 + -4 + -4. Let j = 31 - x. Suppose -6*y = -2*y - 5*a - 160, a = 2*y - j. List the prime factors of y.
5, 7
Let t(h) = -2*h. Let j be t(-1). Suppose 37 + 13 = -j*w. List the prime factors of 10/w + 107/5.
3, 7
List the prime factors of (-11455)/(-35) + 12/(-42).
3, 109
Suppose -228*o + 573 = -227*o. List the prime factors of o.
3, 191
Suppose 160 + 78 = 2*w. Let m = 198 - w. Suppose 0 = 6*j - 95 - m. List the prime factors of j.
29
Suppose 0 = 2*c - 7*c - 15. Let x be (58/8)/(c/36). Let n = -37 - x. What are the prime factors of n?
2, 5
Let c = 4083 + -2837. List the prime factors of c.
2, 7, 89
Let v be 22/10 + (-3)/15. Suppose n - 6*n + 5 = p, v*n = 0. Suppose -p*g + 32 = -28. What are the prime factors of g?
2, 3
Let w = -2 + 6. Suppose 83 = 3*k + l, 0 = k - w*k - 2*l + 82. Wh